 d = 279 - 157. Let q = d - -79. List the prime factors of q.
3, 67
Suppose -4*r - 2*o = -158, -r - 2*o - 1 = -39. Suppose 35*s - r*s = -350. What are the prime factors of s?
2, 5, 7
Let c(v) = -171*v + 411. List the prime factors of c(-27).
2, 3, 419
Let g(r) = 27*r - 48*r - 21 + 35*r. Let t be g(2). Suppose -t*c - 3*c = -1420. List the prime factors of c.
2, 71
Let u = 74 - 86. Let j(w) = -w**2 - 10*w + 26. Let l be j(u). Suppose 5*c + l*n - 202 = 1037, 4*c - 5*n - 1011 = 0. What are the prime factors of c?
3, 83
Let b = 14087 - 2343. What are the prime factors of b?
2, 367
Suppose 5*i + u = 92330, -41*i + 36*i - 3*u = -92330. What are the prime factors of i?
2, 7, 1319
Suppose -399*r = 400*r + 19652575 - 73933439. What are the prime factors of r?
2, 11, 193
Let c be (-142)/(-9) + 8/36. Let t = c + -6. Suppose 338 + 382 = t*q. What are the prime factors of q?
2, 3
Suppose 7*h - 4 = 11*h. What are the prime factors of h + 2366/6 + 3/(-9)?
3, 131
Suppose 43*i + 2*o - 10 = 39*i, -5*o + 11 = 3*i. Suppose 0 = -k + 26 - 21, i*k = -5*m + 4460. List the prime factors of m.
2, 5, 89
List the prime factors of ((4 - -13)*51)/((-4)/(672/(-36))).
2, 7, 17
Suppose -4*o = -7*x + 3880, 3*o - 508 - 32 = -x. List the prime factors of x.
2, 3, 23
Let h = -25036 + 52550. What are the prime factors of h?
2, 13757
Suppose -4*t - 74 = -58. Let k(q) = 2*q**2 - 2*q + 2. List the prime factors of k(t).
2, 3, 7
Suppose -4*y = o - 52 - 4, 3*o - 4*y = 248. Suppose -o = -0*v + 2*v. Let q = v + 78. List the prime factors of q.
2, 5
Suppose 4 = 2*t, 0 = -2*j - t - 127 + 1567. Suppose -723*r = -j*r - 3960. What are the prime factors of r?
2, 3, 5, 11
Suppose 0 = -15*j + 9*j + 180. Suppose 0 = -0*m + 5*m - j. Suppose y - 4*t = -m*t + 89, 0 = -5*y + t + 467. What are the prime factors of y?
3, 31
Let m(z) be the third derivative of -z**4/24 + 73*z**3 + 5*z**2 - 19*z. What are the prime factors of m(0)?
2, 3, 73
Suppose 2*s = -4*i + 2*i - 150, -5*s - 3*i = 375. Let w = -85 - s. List the prime factors of w/12 + 1 + 24896/384.
5, 13
List the prime factors of (-6 - (241290/(-5))/7) + 2.
2, 5, 13, 53
Suppose -c - 2*w - 11 = 0, -4*c - 83*w = -81*w + 26. List the prime factors of (-3091)/c - 92/(-115).
619
Let s(f) = 2*f + 6. Let y be s(2). Suppose -18*m + y*m = -1272. List the prime factors of m.
3, 53
Suppose -3*d = -3*r + 3231, 3*d + 3213 = 4*r - 7*r. Let u = -540 - d. What are the prime factors of u?
2, 3, 89
Suppose 0*p + 11*p - 111684 = -p. What are the prime factors of p?
41, 227
Let v(k) = 4*k - 3. Let z be v(4). Suppose z*g = 11*g + 200. Suppose w - 14 = b + g, 5*w + 4*b = 561. What are the prime factors of w?
113
Let i be (-9)/((-18)/4) + 0 + -8. Let f(p) = -p**3 - 6*p**2 + p + 6. Let x be f(i). Suppose -6*h = -x*h - 684. List the prime factors of h.
2, 3, 19
Let t = -140 + 236. Suppose 0 = 94*n - t*n + 234. List the prime factors of (0 - (-196)/3)/(39/n).
2, 7
Let q = -10 - -16. Suppose -q*w + 32 - 8 = 0. Suppose w*m - 795 = -131. What are the prime factors of m?
2, 83
Let m be ((-6)/2)/((-3)/1217). Suppose -h = -2*g - m, -4*h + 3414 + 1418 = g. What are the prime factors of h?
3, 13, 31
Suppose 0 = -77*f + f - 138485 + 686141. List the prime factors of f.
2, 3, 1201
Suppose -2*a = 26 - 208. Suppose a = -4*n + 107. Suppose 5*x - 657 + 82 = -3*v, -345 = -3*x + n*v. List the prime factors of x.
5, 23
Let f(l) = -2*l**3 + 19*l**2 - 5*l - 20. Let i be f(9). Suppose 1693 = -i*a + 4637. List the prime factors of a.
2, 23
Suppose -4*s + z + 268 = 0, s + 5*z = 9*z + 67. Let f = 149 - s. List the prime factors of f.
2, 41
Suppose -1419 - 767 = -2*z + 2*s, 0 = -3*z + s + 3289. Let a = 1978 - z. List the prime factors of a.
2, 5, 11
What are the prime factors of 443390/(-303)*(-1 + -11)?
2, 5, 439
Suppose 2*h + 3*f + 2540 = 0, 4*h - f - 4*f = -5036. List the prime factors of ((-1458)/216)/(6/h).
2, 3, 79
Suppose -4*k + 8 = 0, -4*x - k - 1470 = -0*x. List the prime factors of -897*((-4)/(-10) - x/(-345)).
2, 13, 23
Let n be -1 - (-14)/((-154)/1705). Suppose 3*x = -4*d - 645, -2*d + 0*d = -3*x - 663. Let v = n - x. List the prime factors of v.
3, 7
Let c(l) = -87*l - 71. Suppose -23*v - 144 = v. List the prime factors of c(v).
11, 41
Let l be (-10 - (7 - -641))/(2/(-8)). Suppose -3168 = -25*u + l. List the prime factors of u.
2, 29
What are the prime factors of (-246048)/(-42) + 12/42*-1?
2, 29, 101
Let z(q) = 3*q - 43. Let p be z(15). What are the prime factors of 26/((p/2)/(-3 + 12))?
2, 3, 13
Suppose -193*m - 4495 = -194*m - 3*i, -18032 = -4*m + i. What are the prime factors of m?
4507
Suppose -9 = -4*u - 29, -3*w - 20 = 4*u. Let o be -19 + (-3)/(-12)*w. List the prime factors of o*2*(-9)/3.
2, 3, 19
Let a(p) = -40*p**3 - 2*p - 2. Suppose -11*r + 8 = 19. What are the prime factors of a(r)?
2, 5
Let j = -10662 - -15728. List the prime factors of j.
2, 17, 149
Let r = -1033 - -320. Let n = -362 - r. List the prime factors of n.
3, 13
Let s(p) = p. Let u(t) = t**2 + 8*t - 5. Let l(w) = 5*s(w) + u(w). Suppose 3*i + 23 = -5*y - 4, 5*i - 4*y + 82 = 0. List the prime factors of l(i).
3
What are the prime factors of (-6084)/(-3) + (24/10)/((-96)/(-120))?
3, 677
Let i(t) = 247*t + 2701. What are the prime factors of i(45)?
2, 11, 157
Let k be ((-105)/(-6) + 4)*(4 - -2). Let o = 239 - k. What are the prime factors of o?
2, 5, 11
Suppose -24*x = -14*x - 87200. Suppose 15*w - x = 7*w. List the prime factors of w.
2, 5, 109
Let p = 22 + -15. Suppose x = 4*f - 18, -2*x = 4*f - p - 5. List the prime factors of 1/2 - (805/(-10) - f).
5, 17
Let o(f) = -1. Let z(k) = 7*k - 20. Let c(r) = -3*o(r) - z(r). List the prime factors of c(-11).
2, 5
Let t be (-5 - 0) + 60/12. Let i be (0 - t)*(-2)/6. Suppose -4*h + 5*b + 803 = i, 2*b = h - 4*h + 631. What are the prime factors of h?
3, 23
Suppose -5*j + u + 0*u = -61, u + 48 = 4*j. Let l(f) = 0*f + 7*f + 9*f + j + f. List the prime factors of l(3).
2
Suppose 26*m + 384 = 2*m. What are the prime factors of (m - -10) + 682 + -1?
3, 5
Let n(g) = -52*g + 32 - 64 + 33. List the prime factors of n(-9).
7, 67
Let m(u) = 3*u**2 + 25*u + 90. Let y be m(-29). Suppose 30*q - y = 26*q. List the prime factors of q.
2, 59
Suppose -701 = -2*d + 4*f - 7*f, -d + 4*f + 378 = 0. Suppose 4*k - 394 = d. List the prime factors of k.
2, 47
Suppose -103 = -6*z + 2*z - 5*b, 0 = 3*z + 4*b - 76. Suppose 3*l + z = l. List the prime factors of 174/2 + l/(-8).
89
Let z = 259 - 250. What are the prime factors of 3/z + (-465)/(-9) + -2?
2, 5
Let o(r) = -3*r**2 + 6*r. Let t be o(2). Suppose t = -33*j + 1081 - 25. List the prime factors of j.
2
Suppose 41*c - 1679871 = 667994. List the prime factors of c.
5, 13, 881
Suppose 4*o = -4*v + 12312 + 19560, -4*v = -15*o + 119520. What are the prime factors of o?
2, 3, 83
Suppose 0 = -z + 6 + 37. Let d = z + -38. Suppose 3*s - 394 = -d*i, -2*s - s = 2*i - 163. List the prime factors of i.
7, 11
Let k(s) = -5 - 53*s**2 - 47*s**2 + 152*s**2 - 51*s**2 - 9*s. What are the prime factors of k(-8)?
131
Suppose -2*z + 90446 = -232*a + 230*a, -a = -4*z + 180883. List the prime factors of z.
2, 5, 7, 17, 19
Let t be -5 + 0 + (-9 + -1195)/(-7). Suppose t*y = 174*y - 9786. List the prime factors of y.
2, 3, 233
Let g(f) = 156*f**2 - 12*f + 84. List the prime factors of g(-7).
2, 3, 7, 31
Suppose -13*c + 43 + 22 = 0. Suppose u = 223 - c. List the prime factors of u.
2, 109
Suppose 39 = 2*l - 5*n, 0*l + 5*l - 10 = -5*n. Let d be (-74)/3 + 12/18 + -1. Let h = l - d. List the prime factors of h.
2
Suppose 2*c - 121 = -u + 16257, -5*c - 3*u = -40948. List the prime factors of c.
2, 4093
Let k(f) = f - 3. Let x be k(6). What are the prime factors of (x - 5)*2410/(-20)?
241
Let t = -72 + 84. List the prime factors of -3 + t*(195/(-6))/(-5).
3, 5
Let q = 36874 + -7988. What are the prime factors of q?
2, 11, 13, 101
Suppose n = -3*j + 129, -2*n - 4*j + 265 = 11. What are the prime factors of n?
3, 41
Suppose 4*r = -3*q + 14874, -17*r + 18*r + 2*q = 3721. What are the prime factors of r?
3, 7, 59
Let c(f) = 13*f**2 - 534*f - 156. List the prime factors of c(73).
30139
Let y(x) = 5*x**2 - 18*x - 40. Let r(d) = 2*d**2 - 10*d - 20. Let v(g) = -5*r(g) + 3*y(g). List the prime factors of v(-8).
2, 83
Let u = 258 + 3417. List the prime factors of u.
3, 5, 7
Suppose -12